))?
-5
Calculate -5 + 2 + 4 + (0 - -1).
2
(-11 - (1 + -6 + 2)) + 5
-3
What is the value of 4 - 0 - (3 + 1)?
0
What is (2 + -3 - (-2 + 6)) + 0?
-5
What is (-4 - -3) + -1 + 7?
5
5 + -4 + -5 - -1
-3
-59 - -54 - (-1 - 0 - -2)
-6
What is the value of (7 - 4) + -6 + 4?
1
Evaluate -7 + 8 - -3 - (4 - -2).
-2
Evaluate 0 - (-1 - (3 + 1)).
5
0 + 1 + -3 - (25 + -31)
4
What is the value of 7 + (2 - (1 + -1 + 4))?
5
-1 - (-2 + -9 + 8)
2
Evaluate (8 - (8 - 7)) + -6.
1
-2 + 1 - (-4 + -4 - -6)
1
Evaluate (3 - 4 - (-6 - -2)) + -4.
-1
Evaluate 6 - (-4 + 1 + 10).
-1
Calculate -11 - -12 - (-4 + -1 + 4).
2
12 + (8 - 8 - 9)
3
Evaluate -2 - 0 - (6 + -1 + -12).
5
Evaluate -1 + 1 + 1 + (-6 - -2).
-3
Evaluate (-18 - -18) + (0 - 3).
-3
-1 + 1 + (-4 - 0)
-4
What is (6 + 1 - 9) + -1 + 2?
-1
What is the value of 8 + -2 + (-1 + 2 - 2)?
5
Calculate 10 + -5 + -6 + (2 - 1).
0
What is the value of -4 + 0 + (-64 - -69)?
1
What is 13 - 9 - (10 - 6)?
0
Evaluate -4 + 15 + 0 + -8.
3
Evaluate (6 - (-5 + 18 + -2)) + -1.
-6
Calculate -5 + -6 - -6 - (-1 - 0).
-4
Evaluate -3 + (-2 - 1) + 11.
5
What is the value of -16 + 12 + 1 - -9?
6
What is the value of -1 - (1 + (5 - 6) - -3)?
-4
Evaluate 24 + -30 - (-10 - -1).
3
Calculate -1 - (-12 - (-6 + 6 - 7)).
4
Calculate -18 - 1 - (-54 - -43).
-8
Evaluate (-5 + 3 - (2 + -1)) + 3.
0
What is the value of -6 + 3 - -1 - (-3 + -5)?
6
Calculate -1 + 8 + (-4 - -1).
4
What is -9 + -5 + (10 - 1)?
-5
What is 5 + (-9 + 5 - 1)?
0
Calculate -3 + (4 - -1) + -5 + -1.
-4
-9 + (-1 - 0) - (-450 - -442)
-2
Evaluate -5 + (-8 - -21) + -14.
-6
0 - 0 - -8 - 2
6
What is the value of 4 + -13 - (4 - 8)?
-5
What is 1 - (1 + 5 - (-1 + 2))?
-4
What is -3 + 0 + 16 + -13?
0
What is -1 + -2 - (3 + -4)?
-2
What is (7 - 1) + 2 + -8?
0
Evaluate -4 + 3 + -1 + (-3 - -1).
-4
What is 3 + 2 + -5 + -2?
-2
0 + (4 - ((-3 - -9) + -3))
1
What is (3 - -2) + (-6 - -2)?
1
Evaluate 2 + -1 + -4 - -4.
1
What is 1 + -3 + (-7 - (5 + -12))?
-2
What is the value of 2 - -2 - (1 - -1)?
2
Evaluate 7 + (6 + -3 - 7).
3
-5 + 0 + -9 + 12
-2
What is the value of 1 - (0 - 3) - (13 - 12)?
3
What is -1 + -2 - (-4 - -6 - 7)?
2
Evaluate 3 + -3 + -6 + 8.
2
Calculate (-11 - -23) + 12 + -14.
10
What is 0 + 1 + -12 + 12?
1
Calculate (-11 - -3) + (6 - -2).
0
What is (2 - (17 + -7 + -6)) + 4?
2
What is the value of -3 - (4 + -14 + 3)?
4
What is the value of 4 + -8 - -1 - -5?
2
Evaluate 10 - 2 - (6 - -1).
1
Calculate 6 + (-3 - 1 - 0) - 5.
-3
What is the value of 4 + -7 + (3 - 0)?
0
3 + (-3 - -2) + 0
2
Evaluate 0 + (-4 - -5 - 0).
1
Calculate 5 - (1 - (-5 + (-2 - -2))).
-1
Calculate (-5 + 12 - -1) + 1 + -6.
3
3 - (22 + -9 + -4)
-6
What is (3 - 1) + -1 - (26 - 26)?
1
What is the value of -4 - 3 - -4 - -2?
-1
60 + -64 - (0 - (-1 + 1))
-4
Evaluate 6 + (-5 - 3) + 5 - 4.
-1
Evaluate 2 + 2 - 4 - 2 - 1.
-3
(-7 - -2) + 12 + -11
-4
-2 - (-24 + 10 - -12)
0
Calculate (9 - 6) + (1 - 1) + 2.
5
Calculate -3 - (-7 - (0 + (0 - -1))).
5
Evaluate 1 + -7 + -8 + 7.
-7
What is the value of -5 + 2 - (2 - (-4 - -8))?
-1
Evaluate -1 - (1 - (1 + 5)).
4
What is the value of 4 - (5 + 5 + -6)?
0
What is 2 + (-9 - 0) + (58 - 60)?
-9
What is 0 - (1 - 2) - -1?
2
(1 - 4) + 0 + 1
-2
1 + (-5 + 4 - -1)
1
What is 6 - (2 + 1 - -2)?
1
What is the value of -3 + (-13 + 6 - -15)?
5
Calculate (2 - (-2 + 5 + -2)) + -5.
-4
Evaluate -9 + 5 + 6 + -5.
-3
What is -1 + -1 + -2 + -1?
-5
What is the value of (1 - 4) + 0 + -326 + 329?
0
What is -2 - (13 + -8 - 2)?
-5
What is the value of 3 + 4 - 14 - -7?
0
Calculate -6 + 3 + -5 - -6.
-2
Calculate -7 + 3 - -4 - (2 + -1).
-1
What is 14 - ((0 - 0) + -78 + 85)?
7
What is (-6 - -11) + -3 - 6?
-4
Calculate (-7 - -12) + (-11 - (-6 - -3)).
-3
Calculate -6 + 2 + -7 + 7.
-4
What is 9 - (-7 - (-1 + -8))?
7
Evaluate 2 + 4 - (1 - (9 - 15)).
-1
Evaluate (-2 - 10) + 8 + 1.
-3
What is the value of 0 - (-9 + 5 - -4)?
0
What is the value of (5 + -2 - -5) + -11?
-3
Calculate (-1 - -2) + (1 - 3).
-1
What is (9 - 13) + 1 + 7 + -2?
2
Evaluate (-4 - 4) + 19 + -3.
8
Evaluate -5 - 0 - -4 - -3.
2
3 + (-6 - 3) + 12 + 0
6
Evaluate -2 - (3 - (5 + -4)).
-4
What is the value of 6 + (3 - 9) + -4 + 5?
1
Evaluate -6 + -9 + 2 + 15.
2
What is 5 - 8 - -5 - 5?
-3
Calculate (1 - 3) + -2 - (-10 - -8).
-2
What is the value of -9 + 12 + (-2 - -4) + 2?
7
Calculate 3 + 0 + -2 + 2 - -1.
4
What is (-11 - -17) + 0 + -2?
4
-30 + 21 + (8 - 1) + 1
-1
What is the value of -8 - (0 + 8 - 16)?
0
(2 - 1) + 3 + (-4 - -3)
3
What is the value of 8 - (2 + 0 - -1)?
5
Calculate -4 - -8 - ((-3 - -3) + 0).
4
What is the value of (5 + -6 - 1) + 2?
0
What is the value of 5 + (0 - -10 - 13)?
2
Calculate 2 + -7 + (2 - -5) - 0.
2
Calculate (9 - -3) + -3 + -2.
7
What is the value of -3 + (2 - (-5 + 8)) + 5?
1
1 - 3 - (-105 + 107)
-4
Calculate -3 + 3 + 2 + -2.
0
What is 0 - (-1 - (0 + 0 + 1))?
2
8 + (-16 + 12 - 10)
-6
Calculate -3 - ((-8 - -17) + -7).
-5
What is the value of (5 + -4 - 6) + -1 + 3?
-3
6 - (-5 + (0 - -6))
5
What is -1 + 4 + -1 - (63 + -67)?
6
What is the value of 7 - ((5 - 8) + 8)?
2
4 - (-8 - -4 - -4)
4
Evaluate (2 - (8 + -5)) + -2.
-3
What is 2 + (-5 - -7) + -3?
1
Evaluate -6 + (-5 - -14) + (3 - 1).
5
Calculate -5 - (-7 - (-5 + 8)).
5
What is (6 + -6 - 6) + (1 - -2)?
-3
Evaluate (-2 - -5) + (96 - 107).
-8
What is the value of -1 + -8 + 5 + 2?
-2
(2 - -1) + 27 + -35
-5
-4 + 2 + -2 + 0 + 6
2
What is -3 - (2 + -4) - 2?
-3
8 - (-2 - -11) - 6
-7
What is the value of 1 + 4 - (-1 - -2)?
4
What is 9 + -5 + -9 - -2?
-3
Calculate 1 + 3 + 35 + -35.
4
Evaluate -1 - 4 - (-2 - (2 - -1)).
0
Evaluate 2 + -6 + 4 + 5 + -4.
1
Calculate -2 + (-3 + 4 - (-4 - -2)).
1
Evaluate (0 - 2) + (1 - (0 - -1)).
-2
0 - (-5 + 0) - 3
2
Evaluate -8 + (1 - -1) + 8.
2
What is the value of (-3 + -2 + -6 - -5) + 6?
0
What is -6 - (6 - (4 + (8 - 4)))?
-4
What is -7 + -3 + 5 - 6 - -5?
-6
What is -8 + 10 - 5 - -4?
1
Calculate -13 - (-11 + (-7 - -4) + 6).
-5
What is the value of -5 + (0 - (-5 + -1))?
1
What is the value of -5 + (9 - 1 - (7 + -3))?
-1
Evaluate (0 + 4 - (5 + 5)) + 3.
-3
What is the value of -29 + 31 - (-1 - 1 - 1)?
5
What is the value of 1 + (6 - 6) + (-1 - -1)?
1
What is the value of (-2 - (1 - -4)) + 5?
-2
What is -5 + 1 - (-5 - -3 - -4)?
-6
What is -4 - -9 - 11 - -11?
5
What is -2 + (7 - -1) + 3 + -6?
3
Evaluate -2 + 2 - (138 + -130).
-8
-5 + (8 - (20 + -10))
-7
-4 + (2 - (-7 - -4))
1
What is the value of (-4 - -3 - -5) + -9?
-5
What is the value of 23 + -25 + (2 - 0) - -1?
1
What is -8 + (3 - (-2 - -2))?
-5
What is the value of 12 + -1 + 0 + (29 - 34)?
6
What is the value of (-2 - 1) + 2 - -4?
3
Evaluate -2 - (-4 - (0 - 3) - 6).
5
7 + 3 + (-14 - -9)
5
Evaluate (1 + -1 - -1) + 1 + 1.
3
What is -2 - (-8 - -4) - -2?
4
Evaluate 12 + -14 + -6 + (17 - 0).
9
What is the value of 5 - (1 + -4 + 24 + -17)?
1
Evaluate (0 - -2) + -5 + (-2 - -5).
0
Evaluate 18 - 12 - (3 - (-2 + 1)).
2
-4 - (2 + (-2 - 2))
-2
Evaluate 11 + 0 - (47 - 38).
2
What is the value of (175 - 168) + (-15 - 1)?
-9
3 + 4 + 4 + -9 + 2
4
Calculate -11 - (-5 + 3 + -5).
-4
What is the value of 2 + -2 + (-2 + -1 - -3)?
0
What is the value of -4 - (-8 + -8 + 17)?
-5
What is the value of 5 + -13 + (22 - 5)?
9
What is -1 + 3 + -6 + 5?
1
What is (-9 - -16 - 4) + (-2 - -1)?
2
What is 15 + -1 + 5 + -11 - 1?
7
What is the value of -7 + -17 + 24 - (1 + 0)?
-1
What is -1 + -2 + (-1 - 1)?
-5
Evaluate 2 - 4 - 11 - -1 - -5.
-7
What is the value of -5 - (-5 - -10 - 10)?
0
What is 7 + 5 + (-10 - -4)?
6
Evaluate -4 - (-4 + 0) - 0.
0
Evaluate -1 + -4 + 7 + 2.
4
What is -2 - -7 - (-16 + 24)?
-3
Calculate (0 - -4) + 2 + -5 + 3.
4
Evaluate -3 + (1 - (-5 - -2)) + -3.
-2
Calculate 9 + -11 + -3 - -5.
0
What is the value of 2 - -3 - (-2 + 7)?
0
What is the value of (8 - 11 - -11) + -14?
-6
7 + (8 - 8) - (0 + -1)
8
Evaluate (-1 - -1) + 1 + (-1 - -2).
2
What is -3 + (1 + 1 - -3)?
2
What is 4 - (-7 - (-9 + 3))?
5
Evaluate -11 + 0 + 2 + (2 - -2).
-5
What is (-20 - -11) + (6 - 0)?
-3
Evaluate ((1 - -5) + -3 - 7) + 3.
-1
Evaluate 8 + -3 - 3 - 3.
-1
(1 + 5 - 8) + -6
-8
What is -8 + 13 - (-2 + 3)?
4
What is the value of (1 - ((1 - 8) + 4)) + -1?
3
What is the value of 3 + (-1 - (3 - 6 - -7))?
-2
6 - (-1 - (-8 - 3))
-4
Evaluate (-8 - -5 - (1 + -5)) + 0.
1
0 + -1 + (0 - 9) + 11
1
What is -2 + (-4 - (-9 + 1))?
2
Evaluate 7 + -6 + -1 + -4.
-4
What is (13 - 8 - 4) + -1 + -1?
